. What is the units digit of k?
4
Suppose 0*p + 5*p - 190 = -5*j, -2*j = 4. What is the tens digit of p?
4
Suppose r = 5*w + 63 + 12, -3*w - 73 = -r. Suppose -r = 2*p - 7*p. What is the tens digit of p?
1
Let o(c) = 7*c**2 + c + 1. Let y(l) = -11*l**2 - 2*l - 2. Let b(v) = 8*o(v) + 5*y(v). What is the tens digit of b(5)?
1
Let x(r) = -r**2 - 5*r - 3. Suppose 6 - 3 = -f. What is the units digit of x(f)?
3
Let d = 6 - 2. Suppose d*j - 73 - 47 = 0. What is the tens digit of j?
3
Let c(a) = 18*a - 5. What is the tens digit of c(10)?
7
Suppose 9 = -2*w - 43. Let q = 51 + w. What is the units digit of q?
5
What is the tens digit of (3726/115)/((-2)/(-5))?
8
What is the units digit of 6/((-7)/((-49)/2))?
1
Let p(m) be the third derivative of m**5/120 - m**4/8 + m**3/3 + m**2. Let r(f) be the first derivative of p(f). What is the units digit of r(4)?
1
Let k(a) = -18*a - 5. What is the tens digit of k(-3)?
4
Suppose 0 = -2*n + 2 - 0. Let h be (3/6)/(n/4). Suppose k = 3*k + 4*m - h, 4*k + 2*m - 22 = 0. What is the units digit of k?
7
Let q = 16 + -8. Suppose -4*s - 40 = -q*s. What is the tens digit of s?
1
Suppose -5*x = -3*x - 40. What is the tens digit of (-24 + 0)*x/(-15)?
3
Suppose 5*v + 4*v = 189. Let y = 14 + -10. Suppose 5*u = -2*p + v, -y*u = -p - 3 - 6. What is the units digit of p?
3
Suppose 3*g - 629 = -4*b, 6 = 5*b - 2*b. What is the hundreds digit of g?
2
What is the tens digit of (-740)/(-14) - (9 - 3)/(-42)?
5
Suppose 9 = -i - 6. Let w be (9 + -7)*(1 + -2). Let m = w - i. What is the tens digit of m?
1
Let d(c) be the first derivative of c**4/4 - 5*c**3/3 + c**2/2 - c + 3. Suppose 5*o - h - 33 = -5*h, -5*h = 2*o - 20. What is the units digit of d(o)?
4
Let u(n) = -n**3 + 2*n**2 + 1. Let s(f) = 2*f**3 - 4*f**2 + f - 3. Let a(t) = 2*s(t) + 5*u(t). What is the units digit of a(2)?
3
Let z(j) = -j**2 - 8*j - 1. What is the tens digit of z(-5)?
1
Let x = 202 - 138. What is the tens digit of x?
6
Let m(n) = -n - 2. Let a be m(-6). Suppose -4*w = w - 2*y + 6, -10 = a*w + y. What is the tens digit of w*(-5 - (1 + 2))?
1
Let q = -4 - 5. Let f(b) = -4*b. Let m be f(-4). Let p = m + q. What is the units digit of p?
7
Let m(g) = -g**3 + 7*g**2 + 10*g - 4. Let h be m(8). Suppose -5*j + h = -8. Suppose -j - 14 = -4*q + 2*l, 0 = -q - l - 3. What is the units digit of q?
2
Suppose 44 = 2*r - 34. Let s(v) = -v + 2. Let d be s(3). What is the units digit of d/(75/r + -2)?
3
Suppose i + 2 = 9. Let h(o) = 2*o + 3. What is the tens digit of h(i)?
1
Suppose -6*q - 15 = -3*q, c = -q + 4. Let x be (c/12)/1*4. Suppose -5*w + 5 = 0, -x*j + w + 8 = -0*j. What is the units digit of j?
3
Suppose -6*p + 218 = -244. What is the tens digit of p?
7
Let z(y) = -5 - 2*y**3 + 2*y**3 + 7*y - 11*y**2 + y**3 + 5*y**2. Let d be z(5). Suppose -39 = -d*w + 66. What is the units digit of w?
1
Let d(t) = -25*t + 6. Let r(f) = 24*f - 5. Let s(k) = 3*d(k) + 4*r(k). What is the units digit of s(1)?
9
Suppose 3*p - 4*p = -17. Let a = -6 + p. What is the tens digit of a?
1
Let c(a) = -8*a**2 + a + 3. Let n be c(3). What is the units digit of n/(-8) + (-6)/(-8)?
9
Suppose -2*r - 3*r = 0. Suppose -a + r*a = -27. What is the units digit of a?
7
Let p = -5 + 9. What is the tens digit of (0 + 28)*2/p?
1
Let n(y) = 17*y + 4. Let s be n(3). Let q = -30 + s. What is the units digit of q?
5
Let p(l) = 106*l. What is the tens digit of p(1)?
0
Let w = -45 + 64. What is the units digit of (-3 - -1 - 1) + w?
6
Let u = 44 - 5. Let v = u - 23. What is the units digit of v?
6
Suppose 16 = r + r. Suppose -r = s + 2*p, 0 = 4*s + p + 2*p + 12. Suppose -2*v - v = -12, 5*c - 4*v - 29 = s. What is the units digit of c?
9
Suppose 0 = 4*z - 9 - 51. Suppose 0 = -0*v - 3*v + z. Suppose -2*i = -5*r + 29, v*r - 9 = 4*r + 2*i. What is the units digit of r?
5
Let o = -16 - -66. Suppose -4*d + 53 = 5*t, -2*d - o = -6*d - 2*t. What is the units digit of d?
2
Suppose 0 = -o - 3*o - 4*x + 880, 5*x = -4*o + 878. What is the units digit of o?
2
Let d = 22 + -22. Let b(p) = 2*p + p**3 - p**2 + 12 - 3*p - 1. What is the tens digit of b(d)?
1
Suppose 0 = u + 3*g - 58, -g - g = -u + 38. Suppose -5*i - 19 = -2*z, 3*z + z - 2*i - u = 0. What is the units digit of z?
2
Let r = 30 - -3. Suppose 0 = 3*p - r. What is the units digit of p?
1
Let j(s) = s + 10. Let z be j(-6). Let b(d) = 6*d - 2. What is the units digit of b(z)?
2
Let f = 85 - 18. What is the units digit of f?
7
Let k(p) = 2*p - 1. Let r be k(-2). Let z(v) = -v**3 - 10*v**2 - 4*v + 4. Let s(n) = n**2 - 1. Let q(u) = -4*s(u) - z(u). What is the units digit of q(r)?
5
Let o be ((-1)/3)/((-7)/84). Suppose -o*j + 11 + 9 = 0. What is the units digit of j?
5
Let u(j) = -2*j - 8. Let c be u(-6). Let v = c + -2. Let w = v - -3. What is the units digit of w?
5
Let o = -1 + 12. Let c = o + -2. What is the units digit of c?
9
Suppose 0 = -8*d + 4*d + 96. Let h = d - 12. What is the tens digit of h?
1
Suppose -t + 5*j = -29, 2*j + 2 = -t - 4. Let s(w) = 6*w - 1. What is the units digit of s(t)?
3
Suppose 0*g = -4*m - g + 273, -5*g = 2*m - 141. Let c = m - 28. What is the units digit of c?
0
Suppose 3*q - 3 = -5*y + 22, 4*q = -4*y + 28. Suppose d + 4*p + 6 = -24, 4*d - q*p = -36. Let t = -6 - d. What is the units digit of t?
8
Let y = -7 - -10. Suppose 93 = y*j + 18. What is the tens digit of j?
2
Let s(m) = -m**3 + 3*m**2 + 7*m - 5. Let j be s(4). Suppose -4*t + j*t + 41 = -h, 4*h + 32 = -t. Let n = t + 20. What is the units digit of n?
8
Let c = 12 + -20. What is the units digit of 10/14 - c/28?
1
Suppose 5*j - 27 = 2*s, -4*j - 4*s = -2*j - 30. What is the units digit of j?
7
Let p(x) be the second derivative of 5*x**3/3 - 3*x**2/2 - 4*x. What is the units digit of p(3)?
7
Let a = 179 + -104. What is the tens digit of a?
7
Let a(b) = -b + 2. Let t be a(-2). Suppose -10 = -t*h + 26. What is the units digit of h?
9
Suppose 5*h + 5*o - 395 = 0, 2*h - 40 = -3*o + 118. What is the units digit of h?
9
Let l(d) = d**3 - 8*d**2 - 8*d - 6. What is the units digit of l(10)?
4
What is the units digit of 33 + (-3)/3*-4?
7
Let i(c) = -11*c. Let w be i(-1). Suppose -2*v + 27 = w. What is the units digit of v?
8
Let y = -343 - -537. What is the units digit of y?
4
Suppose -3*u + 87 = -0*u. Suppose 0 = i - 3, -i - 4 - u = 4*f. What is the units digit of 1/(-3) + (-84)/f?
9
Let q(c) = -2*c**2 - 19*c - 8. Let y(b) = -b**2 - 9*b - 4. Let f(h) = -2*q(h) + 5*y(h). Let v be (1*-10)/2 - 0. What is the units digit of f(v)?
6
Let x be 1/(-2)*(1 + -7). Suppose 3*a = 2*a + 2*z - 1, 0 = -2*a - z + x. What is the units digit of a?
1
Suppose 3*i = -0*i + 3. Suppose 4*s - 32 = -u, -i + 22 = 3*u - 3*s. What is the units digit of u?
2
Let y(b) = -b + 4. Let o be y(-15). Suppose -3*h = 0, 2 - 5 = -p - 4*h. Suppose -p*w + o = -26. What is the units digit of w?
5
Let b(n) = n + 10. Let i be b(0). Suppose c - 3 = -j, -5*j = -5*c - 15 - i. Suppose -p + 6 = j. What is the units digit of p?
2
Suppose 1 = d - 0, -3*r + 4*d = -5. Let l = r - 1. Suppose l*q - 19 = 9. What is the tens digit of q?
1
Let k be 6*(1 - 2/4). Let o = 9 - k. What is the units digit of o?
6
Let b(x) = x**3 - 11*x**2 + 9*x + 12. Let z be b(10). Suppose -6*k = -z*k - 136. What is the tens digit of k?
3
What is the tens digit of 114 - (-2 + 2 + -4)?
1
Let f be (-4)/(3*3/18). Let z be 1/(-1*(-2)/(-8)). What is the units digit of f*(3/z + 0)?
6
Suppose -2*w - 636 = -7*w + 4*b, 5*b - 476 = -4*w. What is the hundreds digit of w?
1
Suppose 3*f = -4*g + 366, -f = g - 2*g - 129. What is the units digit of f?
6
Let d = 18 + -31. Let j = -9 - d. Suppose -a - 3 + 16 = j*l, 0 = 2*l. What is the tens digit of a?
1
Let o(b) = 3*b**2 + 14*b - 8. Let t be o(-10). Suppose -t = -7*r + 3*r. What is the units digit of r?
8
Suppose 2*p - 3*m = 207, -p + 6 = -2*m - 100. What is the tens digit of p?
9
Suppose -4*v = -5*v + 5. Suppose -3*k + 3*m + 33 = 0, -3*k = -8*k - v*m + 35. What is the units digit of k?
9
Let r(i) = -i**2 - 10*i + 13. Let t be r(-11). Let z be (-11)/(2*(-3)/12). Suppose z = 4*f + t, 4 = p - f. What is the units digit of p?
9
Let k(h) = -2*h - 2. Let g be (-28)/6 + 2/(-6). Let l be k(g). Let c = l + 0. What is the units digit of c?
8
Suppose 3*s - 60 = -3*s. What is the tens digit of s?
1
What is the units digit of (-2)/10 - (-99)/45?
2
Suppose